
4
What is the value of 6 + -3 + (1 - 9)?
-5
What is -1 + -5 + (3 + 0 - 0)?
-3
What is the value of 1 + (-4 - (-6 + 4) - -1)?
0
Calculate (5 - 2) + 2 + (2 - 1).
6
-1 - -4 - ((8 - 5) + -3)
3
Calculate (5 + -4 - -3 - 4) + 4.
4
Evaluate (0 - -1) + -42 + 35.
-6
What is the value of 5 + (-5 - (6 - (2 - -4)))?
0
Calculate -13 - -22 - 6 - 3.
0
Evaluate -3 + 9 + -8 + 5.
3
1 + -4 - (18 + -8 + -12)
-1
What is -9 + 13 + (0 - 0)?
4
Calculate -6 - (-6 - -1 - -4 - -3).
-8
Calculate 2 - -2 - (3 - 0) - -1.
2
What is -1 - (-2 - (-4 + -2) - 3)?
-2
What is the value of -4 + (6 + (-7 - 0) - -1)?
-4
Calculate 6 + -17 - -3 - -1.
-7
Calculate -5 + 8 - ((8 - 2) + -1).
-2
(0 + 0 - (-3 + 0)) + -5
-2
Evaluate 4 + 2 + -3 + 6 + -15.
-6
What is the value of 1 + 3 - (5 - (1 + -1))?
-1
Calculate 3 - (0 - 1) - 1.
3
-2 + 14 + -7 + -4
1
Evaluate 4 - (4 - (0 + 3 + 0)).
3
Calculate (-10 - (6 - 8)) + 12.
4
-4 + (6 - 2) + 0 + 0
0
What is 0 + (5 - (4 - 0)) - -2?
3
What is -2 - (-4 - (-1 + 4))?
5
Calculate -9 - -5 - (1 - 8).
3
-4 + (3 - (0 - -3))
-4
What is the value of (0 + -2 - 3) + 1?
-4
What is -3 + (-6 - 0) - -9?
0
What is the value of -4 + 1 + (-2 - -5) + -4?
-4
Calculate 1 + -7 + (4 - 3) - -10.
5
What is -1 - (1 + -4 + 4 + 1)?
-3
What is the value of 37 + -37 - (2 - 7)?
5
What is (-4 - (-8 - -12)) + 15?
7
Calculate -8 - ((4 - 7) + 0).
-5
Calculate (1 - (2 + 1 + 1)) + -2.
-5
What is the value of -9 - (-15 + (7 - -3))?
-4
Calculate 2 + -5 - (4 + -2).
-5
Calculate -3 + (-2 - -3 - (4 + -8)).
2
Calculate -1 + 1 - 4 - -9.
5
What is the value of -7 + (-3 - -13) + 5?
8
What is 4 + (1 + -7 + 4 - -1)?
3
What is 0 + 5 + -8 + 1?
-2
2 - (3 - -6) - -4
-3
What is the value of -1 + 10 - (8 - (-7 - -11))?
5
Calculate 1 - -3 - (-1 - -6).
-1
What is the value of 8 + (12 - 4) + -14?
2
Evaluate (-5 - 8) + 7 + -2.
-8
-16 - (5 + -4 + -8)
-9
4 - (9 - 10) - (0 + 1)
4
What is the value of -8 + (-7 - -11) + -1 + 4?
-1
What is the value of -2 + (6 - (-12 + 9))?
7
0 - (10 - 11) - 2
-1
Evaluate (2 + 1 - 7) + 1 + 2.
-1
-23 + -2 + (-10 - -25)
-10
Calculate 5 + -11 + 10 + 3.
7
What is the value of (4 - (2 + 3 - 2)) + -2?
-1
Calculate -1 + (0 - 3 - (3 - 3)).
-4
What is the value of 2 + -1 - (13 + -11)?
-1
-1 + (2 - 5) + (-3 - -4)
-3
What is -3 - (3 + -2 - -2 - 2)?
-4
-4 - (-12 - 3) - 3
8
Evaluate 6 + -2 + 0 - (3 + 2).
-1
Calculate (12 + -3 - 21) + 12.
0
-3 - -5 - -7 - 11
-2
Calculate -3 + 1 + (3 - (-4 - -7)).
-2
What is (6 - 1) + -1 - (1 + 1)?
2
-5 + (15 - 4 - 6)
0
3 + (-11 - -4) + 0
-4
Evaluate -5 + -9 + 22 - 10.
-2
What is 4 - (6 + -2) - (8 + -10)?
2
Evaluate (-9 + 13 - -7) + -8.
3
Calculate 4 + -7 + 5 + -4 + -1.
-3
What is the value of 1 + -6 + 8 + -6?
-3
Calculate 6 - (2 + 2) - 6.
-4
What is 17 + (-14 - -5) + -5?
3
What is -5 + (0 + 4 - 4)?
-5
What is the value of -2 + 0 + 2 - (-2 + 0)?
2
Evaluate -6 + 4 + (-2 - -9).
5
What is -1 + (57 + -55 - (0 + -5))?
6
What is the value of -2 - (5 + (2 - 13))?
4
Calculate (2 - (2 + 1)) + 8.
7
What is the value of -139 + 135 + 0 + (1 - -9)?
6
What is the value of -16 + 20 - 0 - (-1 + 7)?
-2
Calculate -2 + 6 + -5 + (1 - -3).
3
(-8 - (-1 + 1)) + 8 + -9
-9
Evaluate -11 - 3 - (1 - 26).
11
Calculate (2 - 6) + (-4 + 6 - -3).
1
Evaluate -3 + 15 + 1 + -10.
3
(5 - 2) + (6 - 20) + 4
-7
What is 3 + -1 + -5 + 1 + -1?
-3
What is the value of -2 - 2 - (-10 + 11 + -4)?
-1
What is (4 - 7) + 10 - 3?
4
What is -1 + 3 - 5 - -5 - -3?
5
Evaluate -7 - (-9 + (-6 - 1)).
9
Evaluate (-8 - -7) + (7 - 1).
5
What is the value of 3 + -1 + 44 + -51?
-5
Evaluate 3 + (0 - -2 - (2 - -6)).
-3
What is (1 - (10 + 4)) + 5?
-8
What is (-65 - -68) + (0 - -1)?
4
What is 0 - (3 - (-3 + 2))?
-4
-3 - 0 - (-2 - -4) - -2
-3
Calculate (-4 - (-2 - (0 - 0))) + -3.
-5
(-1 - -2) + -2 + 4 + -4
-1
Evaluate (-5 - -8 - 6) + 4 + -3.
-2
Calculate -2 + 1 + 6 + -3.
2
What is the value of 6 - 13 - (0 + -3)?
-4
Calculate 5 + -6 + 0 + 0 + 4.
3
Evaluate 19 + -17 + 6 - 10.
-2
What is (2 + -2 + 1 - 3) + 7?
5
2 + (-5 - -3 - -6)
6
Calculate 5 + 8 - (15 + -8).
6
Calculate (9 - 6) + (-6 - 0).
-3
Evaluate -2 + 6 + (4 - (5 + -1)).
4
Evaluate (-5 - -3) + -4 - -3.
-3
What is 4 + 0 - (5 - 2) - 2?
-1
Evaluate 4 - (-1 - (5 + -11)).
-1
Evaluate -6 + -3 + (2 - 1) + 3.
-5
4 - ((-2 - -4) + -6 - -3)
5
What is 29 - 36 - (0 + -9 - -2)?
0
Evaluate -6 - (-2 - -2) - -11.
5
-3 + -2 + 1 + (27 - 20)
3
What is the value of 3 - 2 - (3 + 1 + 7)?
-10
Calculate 0 + -4 + 4 - (-3 + 6).
-3
What is 5 - (-4 + 8 + -2)?
3
-172 + 181 + (-1 - 0) + -1
7
(-2 - (-6 + 3)) + 3
4
What is -2 - (-5 - 7) - 9?
1
What is (0 - 0 - (2 - 7)) + -3?
2
What is the value of 3 - (-4 + 1 + 10 + -6)?
2
Calculate -5 + -2 + -4 + 5 + 5.
-1
Evaluate -57 + 45 + 14 + -2.
0
(-1 - (0 - 0)) + (-33 - -30)
-4
What is (2 - 9 - -2 - -15) + -2?
8
What is the value of (2 - 4 - (-1 - -3)) + -1?
-5
-12 - 2 - (-62 + 45)
3
What is -1 + -1 + -3 + 6?
1
What is -2 - ((4 - 9) + 0 + 8)?
-5
(3 - (7 + 4)) + -4 - -8
-4
What is 6 - (3 - (2 + -2))?
3
Evaluate 2 - (-5 + -2 + 5 - 1).
5
-2 - -8 - -10 - 7
9
Evaluate (-6 - (-7 - -3)) + 5 + -4.
-1
What is the value of (-2 - 9) + (-10 - -18)?
-3
Calculate 4 - -1 - (-6 + 8 + 4).
-1
(-11 - 2) + 5 - -4
-4
Calculate 5 + -5 + 6 - 8.
-2
7 + (-7 - (3 + -4))
1
Calculate 3 - 0 - (7 + (-10 - -1)).
5
Evaluate (0 - 1) + -1 + (3 - 4).
-3
Calculate (10 - (15 + -17)) + (-7 - 0).
5
(1 - -1 - 0) + (-6 - -8)
4
(-6 - -4) + 3 - -2
3
6 + (4 - 0) + -7
3
Evaluate -2 - (-1 + -12 + -15 + 20).
6
Calculate (0 - 1) + 1 - (-4 + -1).
5
Calculate -4 + 0 + (-7 - -13).
2
6 + -8 + 2 - (2 + 0)
-2
What is (8 - -4) + -6 + -8?
-2
Evaluate 10 + (-9 - (-6 - -2)).
5
What is (2 + -6 - (16 - 19)) + 1?
0
What is (-6 - -8) + (2 - -2) + -11?
-5
Evaluate (46 - 43) + (-10 - (-1 - 1)).
-5
Evaluate 8 - 6 - (2 - 0 - 3).
3
-1 + 0 - (1 + 2 + 2)
-6
What is the value of (-18 - -17) + (3 - -2)?
4
Calculate -64 + 59 + (8 - -1).
4
What is the value of -9 + -6 + 23 + 2?
10
What is (1 - (2 - 1)) + (-161 - -161)?
0
Evaluate 0 - (4 + -2 + 0 + 1).
-3
-1 + 13 + -6 + -5
1
(19 - 19 - (1 + -1)) + 3
3
Evaluate (2 - 9) + 2 + 5.
0
Calculate 3 + -2 - (5 - 0).
-4
What is 3 + -1 - (-16 + -4 - -17)?
5
Calculate -1 - (3 + -15 + 19).
-8
2 + (3 - 4) + 2
3
0 + (-5 - -2) - -8
5
-6 + 2 - (3 - 2) - -3
-2
64 + -66 + 0 + 0
-2
What is the value of 10 + (-3 - 2) + -3?
2
What is the value of -3 + 0 + -2 + 3?
-2
Evaluate (-10 - 0) + (-3 - -10 - 1).
-4
Calculate -3 + -1 + (16 - 11).
1
What is 1 - (-2 - -7 - 5)?
1
4 - ((-12 - -8) + (-1 - -7))
2
2 + -1 + 8 + (-1 - 6)
2
1 - (-6 + 3 - -8) - -2
-2
What is the value of 5 + (7 - 10) + -2?
0
Evaluate (5 - (0 + 4)) + -4 + 1.
-2
What is the value of -1 + (2 - 2) + (12 - 13)?
-2
Calculate 9 + 0 - (-39 + 54).
-6
What is the value of 0 + (7 - 11 - -9)?
5
What is the value of (-11 - -9) + (1 - (-8 + 4))?
3
Calculate 6 + (5 - 6) + -2.
3
Evaluate -6 - -7 - (5 + -1).
-3
-4 + 1 + 0 - (7 - 6)
-4
What is the value of 1 + -2 + 1 - (5 + -3)?
-2
What is the value of 3 + -1 + 2 - (-1 - -4)?
1
What is -2 + 2 + -8 + -1 + 4?
-5
Calculate (5 - 1) + 7 - 13.
-2
Evaluate (5 - 6) + 0 + 7 + -3.
3
18 + -25 - (3 + -10)
0
Evaluate -1 + 3 + (-10 - -8).
0
What is 3 - -1 - (1 + (0 - 1))?
4
Evaluate 2 - ((3 - (-6 - -3)) + -9).
5
-1 - (-2 - (-3 + -1 - 0))
-3
-3 - (6 + -3 - 5 - -1)
-2
What is the value of 2 - (4 + 3 + -2)?
-3
What is -4 + 1 + 1 + -2?
-4
3 + (4 - (-15 + 7 + 20))
-5
What is the value of (10 - 9) + (-9 - (3 - 7))?
-4
What is the value of (-2 - (5 + -5)) + 3?
1
What is the value of -2 + -1 + (1 - 0)?
-2
What is (-3 - (-2 - -3)) + 7 + 1?
4
What is the value of (-3 - -14) + 7 + -18?
0
Evaluate 4 + -9 + 4 + -3 + 7.
3
Evaluate (-3 - -2) + 2 + (23 - 22).
2
What is -1 - (3 - 8) - 4?
0
What is the value of (-1 - -5) + 3 + -2 + -2?
3
Calculate 4 - (1 - (-5 - -3)).
1
What is the value of -6 - 1 - (-3 + 3 - 15)?
8
What is the value of 4 - 0 - (8 + -5) - 9?
-8
Calculate 5 + -3 + (-1 - 5).
-4
Evaluate -7 + 6 + -4 + 2.
-3
What is -1 + -3 + (-2 - (2 + -3))?
-5
-5 - (-8 - (-1 + -1))
1
What is the value of (-25 + 11 - -11) + -1 + -3?
-7
Evaluate -3 + -1 + 5 - (-2 + 1).
2
What is (-4 + 1 - (5 + -3)) + 3?
-2
What is the value of (-4 - ((-2 - 5) + 4)) + 3?
2
What is (-8 - (-10 + 5) - 7) + 7?
-3
8 - 18 - (1 - (1 + 1))
-9
2 + 2 + (2 - (7 - 0))
-1
Calculate -6 + (2 - -7) + -4 - -6.
5
Calculate 4 + (2 - 6) + 3 + -2.
1
Evaluate 1 + 2 + -1 + 1 - -2.
5
Calculate